{"id":257,"date":"2015-12-26T19:29:30","date_gmt":"2015-12-26T19:29:30","guid":{"rendered":"http:\/\/www.kletterechsen.de\/?page_id=257"},"modified":"2015-12-26T19:32:40","modified_gmt":"2015-12-26T19:32:40","slug":"knoten","status":"publish","type":"page","link":"https:\/\/www.kletterechsen.de\/?page_id=257","title":{"rendered":"Knoten"},"content":{"rendered":"<table id=\"table1\" border=\"0\" cellspacing=\"0\" align=\"center\">\n<tbody>\n<tr>\n<td class=\"titel1\">\n<h3>Knoten<\/h3>\n<\/td>\n<\/tr>\n<tr>\n<td class=\"nav\">\n<div>Wichtige Knoten f\u00fcr&#8217;s Bergsteigen und Klettern. Die Knoten auf den Bildern sind nur locker gelegt, damit man sie besser erkennen kann. Vor Gebrauch m\u00fcssen sie an allen Enden festgezogen werden!<\/div>\n<\/td>\n<\/tr>\n<\/tbody>\n<\/table>\n<p>&nbsp;<\/p>\n<table id=\"table6\" border=\"0\" align=\"center\">\n<tbody>\n<tr>\n<td class=\"titel2\">\n<h4>Achterknoten<\/h4>\n<\/td>\n<\/tr>\n<\/tbody>\n<\/table>\n<table id=\"table7\" border=\"0\" align=\"center\">\n<tbody>\n<tr>\n<td rowspan=\"2\">\n<table id=\"table8\" border=\"0\" width=\"50\" cellspacing=\"0\" cellpadding=\"0\">\n<tbody>\n<tr>\n<td>\n<table id=\"table9\" border=\"0\" width=\"50\" cellspacing=\"0\" cellpadding=\"2\" align=\"center\">\n<tbody>\n<tr>\n<td><img loading=\"lazy\" decoding=\"async\" class=\"alignnone size-full wp-image-260\" src=\"https:\/\/www.kletterechsen.de\/wp-content\/uploads\/2015\/12\/achter_00.jpg\" alt=\"achter_00\" width=\"300\" height=\"225\" \/><\/td>\n<\/tr>\n<\/tbody>\n<\/table>\n<\/td>\n<\/tr>\n<\/tbody>\n<\/table>\n<\/td>\n<td valign=\"top\">\n<div>Wird vor allem als Anseilknoten verwendet. Zieht sich bei Belastung nicht so fest wie der Sackstich und ist daher leichter wieder zu l\u00f6sen. Ring- oder Tropfenform (Foto), gelegt oder gesteckt.<\/div>\n<\/td>\n<\/tr>\n<tr>\n<td valign=\"bottom\">\u00a0<\/td>\n<\/tr>\n<\/tbody>\n<\/table>\n<p>&nbsp;<\/p>\n<table id=\"table22\" border=\"0\" align=\"center\">\n<tbody>\n<tr>\n<td class=\"titel2\">\n<h4>Bandschlingenknoten<\/h4>\n<\/td>\n<\/tr>\n<\/tbody>\n<\/table>\n<table id=\"table26\" border=\"0\" align=\"center\">\n<tbody>\n<tr>\n<td rowspan=\"2\">\n<table id=\"table27\" border=\"0\" width=\"50\" cellspacing=\"0\" cellpadding=\"0\">\n<tbody>\n<tr>\n<td>\n<table id=\"table28\" border=\"0\" width=\"50\" cellspacing=\"0\" cellpadding=\"2\" align=\"center\">\n<tbody>\n<tr>\n<td><img loading=\"lazy\" decoding=\"async\" class=\"alignnone size-full wp-image-262\" src=\"https:\/\/www.kletterechsen.de\/wp-content\/uploads\/2015\/12\/band_00.jpg\" alt=\"band_00\" width=\"300\" height=\"225\" \/><\/td>\n<\/tr>\n<\/tbody>\n<\/table>\n<\/td>\n<\/tr>\n<\/tbody>\n<\/table>\n<\/td>\n<td valign=\"top\">\n<div>Der Bandschlingenknoten dient der Verbindung von Bandmaterial. Im Prinzip handelt es sich dabei um einen Sackstich in Ringform. Heutzutage ist es nicht mehr unbedingt \u00fcblich, seine Bandschlingen selbst zu knoten, da vern\u00e4hte Schlingen bessere Haltekr\u00e4fte aufweisen und praktischer in der Anwendung sind (keine losen Enden).<br \/>Die L\u00e4nge der freien Enden sollte mindestens die dreifache Bandbreite betragen.<\/div>\n<\/td>\n<\/tr>\n<tr>\n<td valign=\"bottom\" height=\"53\">\u00a0<\/td>\n<\/tr>\n<\/tbody>\n<\/table>\n<p>&nbsp;<\/p>\n<table id=\"table10\" border=\"0\" align=\"center\">\n<tbody>\n<tr>\n<td class=\"titel2\">\n<h4>Halbmastwurf<\/h4>\n<\/td>\n<\/tr>\n<\/tbody>\n<\/table>\n<table id=\"table11\" border=\"0\" align=\"center\">\n<tbody>\n<tr>\n<td rowspan=\"2\">\n<table id=\"table12\" border=\"0\" width=\"50\" cellspacing=\"0\" cellpadding=\"0\">\n<tbody>\n<tr>\n<td>\n<table id=\"table13\" border=\"0\" width=\"50\" cellspacing=\"0\" cellpadding=\"2\" align=\"center\">\n<tbody>\n<tr>\n<td><img loading=\"lazy\" decoding=\"async\" class=\"alignnone size-full wp-image-263\" src=\"https:\/\/www.kletterechsen.de\/wp-content\/uploads\/2015\/12\/hms_00.jpg\" alt=\"hms_00\" width=\"300\" height=\"225\" \/><\/td>\n<\/tr>\n<\/tbody>\n<\/table>\n<\/td>\n<\/tr>\n<\/tbody>\n<\/table>\n<\/td>\n<td valign=\"top\">\n<div>Die wichtigste Sicherungsform. Universell anwendbar, mit Einschr\u00e4nkungen im Notfall auch zum Abseilen geeignet. Die Seile sollten parallel gef\u00fchrt werden um das Verdrillen zu minimieren. Das Seil sollte nicht \u00fcber den Verschluss des Karabiners laufen. Vorsicht bei Twistlock! Diese haben sich schon ungewollt ge\u00f6ffnet.<\/div>\n<\/td>\n<\/tr>\n<tr>\n<td valign=\"bottom\">\u00a0<\/td>\n<\/tr>\n<\/tbody>\n<\/table>\n<p>&nbsp;<\/p>\n<table id=\"table14\" border=\"0\" align=\"center\">\n<tbody>\n<tr>\n<td class=\"titel2\">\n<h4>Mastwurf<\/h4>\n<\/td>\n<\/tr>\n<\/tbody>\n<\/table>\n<table id=\"table15\" border=\"0\" align=\"center\">\n<tbody>\n<tr>\n<td rowspan=\"2\">\n<table id=\"table16\" border=\"0\" width=\"50\" cellspacing=\"0\" cellpadding=\"0\">\n<tbody>\n<tr>\n<td>\n<table id=\"table17\" border=\"0\" width=\"50\" cellspacing=\"0\" cellpadding=\"2\" align=\"center\">\n<tbody>\n<tr>\n<td><img loading=\"lazy\" decoding=\"async\" class=\"alignnone size-full wp-image-264\" src=\"https:\/\/www.kletterechsen.de\/wp-content\/uploads\/2015\/12\/mastwurf_00.jpg\" alt=\"mastwurf_00\" width=\"300\" height=\"225\" \/><\/td>\n<\/tr>\n<\/tbody>\n<\/table>\n<\/td>\n<\/tr>\n<\/tbody>\n<\/table>\n<\/td>\n<td valign=\"top\">\n<div>Ideal, wenn etwas festgebunden werden muss. Die Position l\u00e4sst sich leicht ver\u00e4ndern ohne den Knoten l\u00f6sen zu m\u00fcssen. Auch nach Belastung wieder leicht zu l\u00f6sen.<br \/>Ideal als Standplatzknoten und f\u00fcr Seilgel\u00e4nder.<\/div>\n<\/td>\n<\/tr>\n<tr>\n<td valign=\"bottom\">\u00a0<\/td>\n<\/tr>\n<\/tbody>\n<\/table>\n<p>&nbsp;<\/p>\n<table id=\"table18\" border=\"0\" align=\"center\">\n<tbody>\n<tr>\n<td class=\"titel2\">\n<h4>Prusikknoten<\/h4>\n<\/td>\n<\/tr>\n<\/tbody>\n<\/table>\n<table id=\"table19\" border=\"0\" align=\"center\">\n<tbody>\n<tr>\n<td rowspan=\"2\">\n<table id=\"table20\" border=\"0\" width=\"50\" cellspacing=\"0\" cellpadding=\"0\">\n<tbody>\n<tr>\n<td>\n<table id=\"table21\" border=\"0\" width=\"50\" cellspacing=\"0\" cellpadding=\"2\" align=\"center\">\n<tbody>\n<tr>\n<td><img loading=\"lazy\" decoding=\"async\" class=\"alignnone size-full wp-image-265\" src=\"https:\/\/www.kletterechsen.de\/wp-content\/uploads\/2015\/12\/prusik_00.jpg\" alt=\"prusik_00\" width=\"300\" height=\"199\" \/><\/td>\n<\/tr>\n<\/tbody>\n<\/table>\n<\/td>\n<\/tr>\n<\/tbody>\n<\/table>\n<\/td>\n<td valign=\"top\">\n<div>L\u00e4sst sich verschieben und blockiert bei Belastung. Als R\u00fccklaufsperre oder zus\u00e4tzliche Sicherung, z.B. beim Abseilen. Der Durchmesser der Prusikschnur (Reepschnur) sollte etwa die H\u00e4lfte des Seildurchmessers betragen. 6mm haben sich bew\u00e4hrt. Wenn die Klemmwirkung zu gering ist kann man weitere Umschlingungen aufbringen.<\/div>\n<\/td>\n<\/tr>\n<tr>\n<td valign=\"bottom\" height=\"53\">\u00a0<\/td>\n<\/tr>\n<\/tbody>\n<\/table>\n<p>&nbsp;<\/p>\n<table id=\"table2\" border=\"0\" align=\"center\">\n<tbody>\n<tr>\n<td class=\"titel2\">\n<h4>Sackstich<\/h4>\n<\/td>\n<\/tr>\n<\/tbody>\n<\/table>\n<table id=\"table3\" border=\"0\" align=\"center\">\n<tbody>\n<tr>\n<td rowspan=\"2\">\n<table id=\"table4\" border=\"0\" width=\"50\" cellspacing=\"0\" cellpadding=\"0\">\n<tbody>\n<tr>\n<td>\n<table id=\"table5\" border=\"0\" width=\"50\" cellspacing=\"0\" cellpadding=\"2\" align=\"center\">\n<tbody>\n<tr>\n<td><img loading=\"lazy\" decoding=\"async\" class=\"alignnone size-full wp-image-266\" src=\"https:\/\/www.kletterechsen.de\/wp-content\/uploads\/2015\/12\/sackstich_00.jpg\" alt=\"sackstich_00\" width=\"300\" height=\"222\" \/><\/td>\n<\/tr>\n<\/tbody>\n<\/table>\n<\/td>\n<\/tr>\n<\/tbody>\n<\/table>\n<\/td>\n<td valign=\"top\">\n<div>Der Allrounder: einfach zu knoten, zieht sich aber nach Belastung fest zu und ist dann oft nur schwer zu l\u00f6sen. Anwendung: Anseilen, Seilverbindung, Befestigungen, &#8230;<br \/>Neben der auf dem Foto gezeigten Tropfenform gibt es noch die Ringform. Gelegt oder gesteckt.<\/div>\n<\/td>\n<\/tr>\n<tr>\n<td valign=\"bottom\">\u00a0<\/td>\n<\/tr>\n<\/tbody>\n<\/table>\n","protected":false},"excerpt":{"rendered":"<p>Knoten Wichtige Knoten f\u00fcr&#8217;s Bergsteigen und Klettern. Die Knoten auf den Bildern sind nur locker gelegt, damit man sie besser erkennen kann. Vor Gebrauch m\u00fcssen sie an allen Enden festgezogen werden! &nbsp; Achterknoten Wird vor allem als Anseilknoten verwendet. Zieht sich bei Belastung nicht so fest wie der Sackstich und ist daher leichter wieder zu [&hellip;]<\/p>\n","protected":false},"author":1,"featured_media":0,"parent":0,"menu_order":0,"comment_status":"closed","ping_status":"closed","template":"","meta":{"footnotes":""},"class_list":["post-257","page","type-page","status-publish","hentry"],"_links":{"self":[{"href":"https:\/\/www.kletterechsen.de\/index.php?rest_route=\/wp\/v2\/pages\/257","targetHints":{"allow":["GET"]}}],"collection":[{"href":"https:\/\/www.kletterechsen.de\/index.php?rest_route=\/wp\/v2\/pages"}],"about":[{"href":"https:\/\/www.kletterechsen.de\/index.php?rest_route=\/wp\/v2\/types\/page"}],"author":[{"embeddable":true,"href":"https:\/\/www.kletterechsen.de\/index.php?rest_route=\/wp\/v2\/users\/1"}],"replies":[{"embeddable":true,"href":"https:\/\/www.kletterechsen.de\/index.php?rest_route=%2Fwp%2Fv2%2Fcomments&post=257"}],"version-history":[{"count":3,"href":"https:\/\/www.kletterechsen.de\/index.php?rest_route=\/wp\/v2\/pages\/257\/revisions"}],"predecessor-version":[{"id":267,"href":"https:\/\/www.kletterechsen.de\/index.php?rest_route=\/wp\/v2\/pages\/257\/revisions\/267"}],"wp:attachment":[{"href":"https:\/\/www.kletterechsen.de\/index.php?rest_route=%2Fwp%2Fv2%2Fmedia&parent=257"}],"curies":[{"name":"wp","href":"https:\/\/api.w.org\/{rel}","templated":true}]}}