{"id":323,"date":"2015-12-26T21:23:15","date_gmt":"2015-12-26T21:23:15","guid":{"rendered":"http:\/\/www.kletterechsen.de\/?page_id=323"},"modified":"2015-12-26T21:23:15","modified_gmt":"2015-12-26T21:23:15","slug":"prusikknoten","status":"publish","type":"page","link":"https:\/\/www.kletterechsen.de\/?page_id=323","title":{"rendered":"Prusikknoten"},"content":{"rendered":"<table id=\"table1\" border=\"0\" cellspacing=\"0\" align=\"center\">\n<tbody>\n<tr>\n<td class=\"titel1\">\n<h3>Prusikknoten<\/h3>\n<\/td>\n<\/tr>\n<\/tbody>\n<\/table>\n<div><img loading=\"lazy\" decoding=\"async\" class=\"alignnone size-full wp-image-265\" src=\"https:\/\/www.kletterechsen.de\/wp-content\/uploads\/2015\/12\/prusik_00.jpg\" alt=\"prusik_00\" width=\"300\" height=\"199\" \/><\/div>\n<table id=\"table4\" border=\"0\" align=\"center\">\n<tbody>\n<tr>\n<td>\n<div>L\u00e4sst sich verschieben und blockiert bei Belastung. Als R\u00fccklaufsperre oder zus\u00e4tzliche Sicherung, z.B. beim Abseilen.<br \/>Der Durchmesser der Prusikschnur (Reepschnur) sollte etwa die H\u00e4lfte des Seildurchmessers betragen. 6mm haben sich bew\u00e4hrt. Wenn die Klemmwirkung zu gering ist kann man weitere Umschlingungen aufbringen.<\/div>\n<\/td>\n<\/tr>\n<tr>\n<td class=\"titel3\">\n<h4>gelegter Prusik<\/h4>\n<\/td>\n<\/tr>\n<\/tbody>\n<\/table>\n<div>\n<table id=\"table5\" border=\"0\" align=\"center\">\n<tbody>\n<tr>\n<td>\n<h4><img loading=\"lazy\" decoding=\"async\" class=\"alignnone size-full wp-image-324\" src=\"https:\/\/www.kletterechsen.de\/wp-content\/uploads\/2015\/12\/prusik_01.jpg\" alt=\"prusik_01\" width=\"200\" height=\"150\" \/><\/h4>\n<\/td>\n<td>\n<h4><img loading=\"lazy\" decoding=\"async\" class=\"alignnone size-large wp-image-325\" src=\"https:\/\/www.kletterechsen.de\/wp-content\/uploads\/2015\/12\/prusik_02.jpg\" alt=\"prusik_02\" width=\"200\" height=\"150\" \/><\/h4>\n<\/td>\n<td>\n<h4><img loading=\"lazy\" decoding=\"async\" class=\"alignnone size-large wp-image-326\" src=\"https:\/\/www.kletterechsen.de\/wp-content\/uploads\/2015\/12\/prusik_03.jpg\" alt=\"prusik_03\" width=\"200\" height=\"150\" \/><\/h4>\n<\/td>\n<\/tr>\n<tr>\n<td>\n<h4><img loading=\"lazy\" decoding=\"async\" class=\"alignnone size-large wp-image-327\" src=\"https:\/\/www.kletterechsen.de\/wp-content\/uploads\/2015\/12\/prusik_04.jpg\" alt=\"prusik_04\" width=\"200\" height=\"150\" \/><\/h4>\n<\/td>\n<td>\n<h4><img loading=\"lazy\" decoding=\"async\" class=\"alignnone size-large wp-image-328\" src=\"https:\/\/www.kletterechsen.de\/wp-content\/uploads\/2015\/12\/prusik_05.jpg\" alt=\"prusik_05\" width=\"200\" height=\"150\" \/><\/h4>\n<\/td>\n<td>\u00a0<\/td>\n<\/tr>\n<\/tbody>\n<\/table>\n<\/div>\n<p>&nbsp;<\/p>\n<table id=\"table6\" border=\"0\" align=\"center\">\n<tbody>\n<tr>\n<td class=\"titel3\" align=\"center\">\n<h4>gesteckter Prusik<\/h4>\n<\/td>\n<\/tr>\n<\/tbody>\n<\/table>\n<div>\n<table id=\"table7\" border=\"0\" align=\"center\">\n<tbody>\n<tr>\n<td>\n<h4><img loading=\"lazy\" decoding=\"async\" class=\"alignnone size-large wp-image-329\" src=\"https:\/\/www.kletterechsen.de\/wp-content\/uploads\/2015\/12\/prusik_06.jpg\" alt=\"prusik_06\" width=\"200\" height=\"150\" \/><\/h4>\n<\/td>\n<td>\n<h4><img loading=\"lazy\" decoding=\"async\" class=\"alignnone size-large wp-image-330\" src=\"https:\/\/www.kletterechsen.de\/wp-content\/uploads\/2015\/12\/prusik_07.jpg\" alt=\"prusik_07\" width=\"200\" height=\"150\" \/><\/h4>\n<\/td>\n<td>\n<h4><img loading=\"lazy\" decoding=\"async\" class=\"alignnone size-large wp-image-331\" src=\"https:\/\/www.kletterechsen.de\/wp-content\/uploads\/2015\/12\/prusik_08.jpg\" alt=\"prusik_08\" width=\"200\" height=\"150\" \/><\/h4>\n<\/td>\n<\/tr>\n<tr>\n<td>\n<h4><img loading=\"lazy\" decoding=\"async\" class=\"alignnone size-large wp-image-332\" src=\"https:\/\/www.kletterechsen.de\/wp-content\/uploads\/2015\/12\/prusik_09.jpg\" alt=\"prusik_09\" width=\"200\" height=\"150\" \/><\/h4>\n<\/td>\n<td>\n<h4><img loading=\"lazy\" decoding=\"async\" class=\"alignnone size-large wp-image-333\" src=\"https:\/\/www.kletterechsen.de\/wp-content\/uploads\/2015\/12\/prusik_10.jpg\" alt=\"prusik_10\" width=\"200\" height=\"150\" \/><\/h4>\n<\/td>\n<td>\n<h4><img loading=\"lazy\" decoding=\"async\" class=\"alignnone size-large wp-image-334\" src=\"https:\/\/www.kletterechsen.de\/wp-content\/uploads\/2015\/12\/prusik_11.jpg\" alt=\"prusik_11\" width=\"200\" height=\"150\" \/><\/h4>\n<\/td>\n<\/tr>\n<tr>\n<td>\n<h4><img loading=\"lazy\" decoding=\"async\" class=\"alignnone size-large wp-image-335\" src=\"https:\/\/www.kletterechsen.de\/wp-content\/uploads\/2015\/12\/prusik_12.jpg\" alt=\"prusik_12\" width=\"200\" height=\"150\" \/><\/h4>\n<\/td>\n<td>\n<h4><img loading=\"lazy\" decoding=\"async\" class=\"alignnone size-large wp-image-336\" src=\"https:\/\/www.kletterechsen.de\/wp-content\/uploads\/2015\/12\/prusik_13.jpg\" alt=\"prusik_13\" width=\"200\" height=\"150\" \/><\/h4>\n<\/td>\n<td>\u00a0<\/td>\n<\/tr>\n<\/tbody>\n<\/table>\n<\/div>\n","protected":false},"excerpt":{"rendered":"<p>Prusikknoten L\u00e4sst sich verschieben und blockiert bei Belastung. Als R\u00fccklaufsperre oder zus\u00e4tzliche Sicherung, z.B. beim Abseilen.Der Durchmesser der Prusikschnur (Reepschnur) sollte etwa die H\u00e4lfte des Seildurchmessers betragen. 6mm haben sich bew\u00e4hrt. Wenn die Klemmwirkung zu gering ist kann man weitere Umschlingungen aufbringen. gelegter Prusik \u00a0 &nbsp; gesteckter Prusik \u00a0<\/p>\n","protected":false},"author":1,"featured_media":0,"parent":0,"menu_order":0,"comment_status":"closed","ping_status":"closed","template":"","meta":{"footnotes":""},"class_list":["post-323","page","type-page","status-publish","hentry"],"_links":{"self":[{"href":"https:\/\/www.kletterechsen.de\/index.php?rest_route=\/wp\/v2\/pages\/323","targetHints":{"allow":["GET"]}}],"collection":[{"href":"https:\/\/www.kletterechsen.de\/index.php?rest_route=\/wp\/v2\/pages"}],"about":[{"href":"https:\/\/www.kletterechsen.de\/index.php?rest_route=\/wp\/v2\/types\/page"}],"author":[{"embeddable":true,"href":"https:\/\/www.kletterechsen.de\/index.php?rest_route=\/wp\/v2\/users\/1"}],"replies":[{"embeddable":true,"href":"https:\/\/www.kletterechsen.de\/index.php?rest_route=%2Fwp%2Fv2%2Fcomments&post=323"}],"version-history":[{"count":1,"href":"https:\/\/www.kletterechsen.de\/index.php?rest_route=\/wp\/v2\/pages\/323\/revisions"}],"predecessor-version":[{"id":337,"href":"https:\/\/www.kletterechsen.de\/index.php?rest_route=\/wp\/v2\/pages\/323\/revisions\/337"}],"wp:attachment":[{"href":"https:\/\/www.kletterechsen.de\/index.php?rest_route=%2Fwp%2Fv2%2Fmedia&parent=323"}],"curies":[{"name":"wp","href":"https:\/\/api.w.org\/{rel}","templated":true}]}}